 0. List the prime factors of h.
2, 137
Let c = 81 - 47. What are the prime factors of c?
2, 17
Let i be ((-5)/2)/((-3)/6). Suppose 5*d - 2*h = -24, -i*d + 3*h = 17 + 4. What are the prime factors of d/1*(-2)/6?
2
Let m(x) = 2*x. Let t be m(4). Suppose -2*c = 2*c - t. Suppose 3*k - 28 = c. List the prime factors of k.
2, 5
Suppose -6*t + 30 = -3*t. What are the prime factors of t?
2, 5
Suppose -4*o - 94 = -2*m - 26, 5*m - o - 125 = 0. What are the prime factors of m?
2, 3
List the prime factors of (1/2)/(2/104).
2, 13
Let o(t) = -2 + 4 - 7*t + t. List the prime factors of o(-2).
2, 7
Let j(x) = -2*x. Let f be j(-1). Let w be (0 - -1) + 74/f. Suppose -4*s - 16 = 0, -5*s = -5*k + w + 42. What are the prime factors of k?
2, 3
Let s = 0 - -5. Suppose d - 16 = 2*l - 91, 3*l - 145 = -5*d. Suppose -s*j + 5 = -l. What are the prime factors of j?
3
Let c(x) be the third derivative of -x**6/120 - 3*x**5/20 - x**4/6 - x**3/2 + 9*x**2. List the prime factors of c(-9).
3, 11
Let z(x) = 25*x + 3. What are the prime factors of z(7)?
2, 89
Let n(q) = -q - 4. Let j be (1 + -1)/(2 + -1). Let r be n(j). Let c(z) = -z**3 - 5*z**2 - 5*z + 2. What are the prime factors of c(r)?
2, 3
Suppose 2*f = 365 + 209. List the prime factors of f.
7, 41
Let v(t) = 2 - 27*t + 35*t - 2. List the prime factors of v(3).
2, 3
Suppose 0*h - 19 = -4*h + 5*a, a = h - 4. Suppose 4 = -3*l + h. Let q(u) = -9*u**3 - u**2 - u - 1. List the prime factors of q(l).
2
Suppose -a + 2*g = -0*g - 307, a + g = 313. List the prime factors of a.
311
Suppose -5*d - 5*m + 2*m - 47 = 0, -m + 1 = 0. Let w = d + 25. What are the prime factors of w?
3, 5
List the prime factors of ((-3)/6)/(7/(-2562)).
3, 61
Suppose -2*i + 0*i - 38 = 2*s, 0 = -2*s + 2. Let z = -13 - i. Suppose -4*w = -9 - z. List the prime factors of w.
2
Let x(v) = v**3 + 5*v**2 - 6*v + 4. Let p be x(-6). Let f(j) = -7 - 3*j + 1 + p*j - 3. List the prime factors of f(11).
2
Suppose 2*w - 4*w - 21 = 3*y, 0 = -w. Let g(o) = 2*o + 11. Let h be g(0). Let m = h + y. What are the prime factors of m?
2
Let y = 177 + -62. List the prime factors of y.
5, 23
Let x be 6/(-10) - (-83)/5. Let q = -3 + x. What are the prime factors of q?
13
Suppose 0 = -2*v - 5 - 5, u - 9 = v. Suppose u*q + 1 + 11 = -2*x, 2*x = q + 3. Suppose -z + 6*z - 10 = x. What are the prime factors of z?
2
Let p(j) = -12*j + 2. Let b be p(-4). Suppose g + b = 3*g. What are the prime factors of g?
5
Suppose -4 = 3*x - 4*x. Let r = x + 10. List the prime factors of r.
2, 7
Let r(h) = -h + 11. Let w be r(9). Let v(c) = -10*c + w*c - 2*c. What are the prime factors of v(-1)?
2, 5
Let k(g) = 4*g**2 - 2*g + 1. Let x be k(1). List the prime factors of -10*(x + -5 + 1).
2, 5
Let v(q) = -q**3 - 5*q**2 + 6*q + 6. Let c be v(-6). Suppose 0*s = -2*s. Let b = c - s. What are the prime factors of b?
2, 3
Suppose -n = -5*n. Suppose n = -4*o + 51 + 113. List the prime factors of o.
41
Let c(s) = -s**2 - 8*s - 6. Suppose -4*j - 14 = -5*a + 6, 0 = a - 2*j - 4. Let k(d) = d**2 - 5*d - 2. Let h be k(a). List the prime factors of c(h).
2, 3
Let q be ((-1)/2)/(1/(-4)). Suppose -16 = -q*d - 2*d. Suppose 0*o + 2*o - d = 0. What are the prime factors of o?
2
Let a(w) = -3*w**3 - 11*w**2 - 6*w - 12. What are the prime factors of a(-5)?
2, 59
Let c(p) = p + 4. Let z be c(0). Suppose 5 = -j + 4*a - 3, 2*j = -z*a + 44. What are the prime factors of j?
2, 3
Suppose 4*z = z + c + 8, z + 2*c - 12 = 0. Let a be (3/z)/(2/(-16)). List the prime factors of (-44)/a - (-1)/(-3).
7
Let m(v) be the first derivative of v**3/3 - v**2/2 + 2*v - 10. List the prime factors of m(7).
2, 11
Suppose -2*w - 10 = -4*v, 5*w = v + 2*w - 10. Let z be (-1)/(v - (-28)/(-26)). Suppose -35 = -2*n - z. List the prime factors of n.
11
What are the prime factors of 5 + -1 - (-45 + 1)?
2, 3
Suppose -5*m + 5*z + 55 = 0, -m + 4*z + 32 - 6 = 0. Let q = 6 + m. List the prime factors of q.
2, 3
Suppose 2*x + x = 2*u, 4*x + u + 11 = 0. Let c be -3 + 1*-16*x. Suppose 1 = 2*n - c. What are the prime factors of n?
3, 5
Let b(r) = r + 34. What are the prime factors of b(0)?
2, 17
List the prime factors of (0 + 4/12)*114.
2, 19
Suppose -5*q - 20 = 55. Let f = q - -48. Suppose 5*i - 58 = 3*a, -21 - f = -5*i - a. List the prime factors of i.
11
Suppose -f + 4*t = -2*f + 21, -58 = -4*f - 3*t. Suppose 0 = -5*m + 5 - 45. Let p = m + f. List the prime factors of p.
5
Suppose 4*o - 5 - 11 = 0. Let n be (2/(-2))/((-7)/203) - 3. What are the prime factors of 56/n + o/(-26)?
2
Suppose -3*a + 13 - 4 = 0. Suppose 3*o + 49 = 2*j, -j = -o - a*o - 22. What are the prime factors of j?
2, 13
What are the prime factors of ((-5)/3)/(11/(-297))?
3, 5
Let z = -18 + 30. Let i = 32 - z. What are the prime factors of i?
2, 5
Let v = 0 + 2. Let y(j) = 3 - v - 17*j - 1. What are the prime factors of y(-1)?
17
Suppose -2*g - 3*g = 4*w - 35, w + 5*g - 5 = 0. Suppose 2*k - w = 10. What are the prime factors of k?
2, 5
Let n(a) = -a**3 + 5*a**2 - 4*a + 1. Let s be n(4). List the prime factors of (-8)/(-1) + 1 + s.
2, 5
Let x(n) = -n**3 - 9*n**2 + n + 11. Let l be x(-9). Suppose -m - 4 = l. Let a(d) = d**2 + 6*d + 4. What are the prime factors of a(m)?
2
Let w(t) = -19*t - 14. Let x(n) = 10*n + 7. Let r(p) = -3*w(p) - 5*x(p). List the prime factors of r(5).
2, 3, 7
Let o(u) = u**3 + 7*u**2 + 4*u + 6. Let m be o(-6). Suppose 4*d - 102 + m = 0. List the prime factors of d.
3, 7
Let m(z) = -z + 7. Let s be m(3). Suppose 5*j - 22 = p - 4*p, 0 = -s*p + 16. Let w = j - -5. List the prime factors of w.
7
Suppose 0 = 11*j - 2*j - 1251. List the prime factors of j.
139
Suppose -4*i = y - i - 38, -5*y - i + 162 = 0. List the prime factors of y.
2
Let i(c) = -c**3 + 9*c**2 - 2*c - 6. Let o be i(8). Let g = o + -16. Let u = g + -10. List the prime factors of u.
2
Let l(y) = 6*y**2 - y - 1. Suppose 0 = 3*b - 4*b. Let v be (1 - (2 - b))*1. What are the prime factors of l(v)?
2, 3
Let t = 178 + -16. List the prime factors of t.
2, 3
Let p(n) = n**3 + 16*n**2 + 14*n + 14. Let q = -17 - -2. List the prime factors of p(q).
29
Suppose 5 + 10 = -5*y, -20 = -n - 3*y. List the prime factors of n.
29
Suppose -3*g = 3*r + g - 251, g = -5*r + 424. What are the prime factors of r?
5, 17
Let m = -499 + 747. What are the prime factors of m?
2, 31
Let d(h) = 30*h**2 + h. Suppose -2*p = -3*p + 1. Let z be d(p). Suppose 4*s = 2*w + 32, -2*w + z = 5*s - 0. List the prime factors of s.
7
Let m(i) = -3*i**3 - i**2 - 4*i - 3. Let c be m(-2). Suppose 0 = 5*r + c, 4*r = -4*d - r - 21. Suppose 1 + d = x. List the prime factors of x.
2
Let g(z) = z**3 + 8*z**2 - 3*z - 7. List the prime factors of g(-7).
3, 7
Let a(s) = s - 1. Let l be a(-4). Let b(j) = -5*j**2 - 1 + 3*j**3 - 3*j + 3 - 4*j**3. List the prime factors of b(l).
17
Suppose 0 = 6*o - 11*o + 125. List the prime factors of o.
5
Let m(h) = -h**3 - h. Let f(i) = -i**2 - 5*i - 1. Let n(c) = f(c) - m(c). Let v be n(3). Suppose 2 = 2*w - v*a, w - 2*a - 5 = -3. List the prime factors of w.
2, 3
Let h = -20 + 45. List the prime factors of h.
5
List the prime factors of 15/5 + 3 + -2.
2
Let h(b) = 13*b + 3. Let f be h(-2). Let r = -9 - f. List the prime factors of r.
2, 7
Let a = 16 - 13. Suppose 5*w + d = 66, w - d = -a*d + 6. What are the prime factors of w?
2, 7
Suppose -3*x - 4 = 8. List the prime factors of ((-156)/(-18))/(x/(-6)).
13
Let u = -4 - -4. Let n = u - 2. What are the prime factors of (-2)/(8/18)*n?
3
Suppose -2*w + 0*w = 66. Let m(i) = i + 6. Let g be m(-9). List the prime factors of (-1)/(g/(3 - w)).
2, 3
Let l = 23 - -1. List the prime factors of l.
2, 3
Suppose -3*r + 7 = 73. Let a = -11 + 6. What are the prime factors of (r/a)/(4/20)?
2, 11
Let i(h) = 3*h - 7. Let u be i(4). Suppose -u*k = -117 + 22. List the prime factors of k.
19
Suppose -j + 14 = -t, -4*j + 2*t - 6 = -52. Let h = 11 + 7. Let v = h - j. List the prime factors of v.
3
Suppose 9 + 5 = -p. Let w be 1*9/((-9)/(-20)). Let u = p + w. List the prime factors of u.
2, 3
Let l be (20/(-8))/((-1)/(-10)). List the prime factors of l*(-1)/(2 + -1).
5
Let f be ((-1)/(-3))/(1/12). Let p be (2 - f) + 4 + 0. Let v = p - -7. What are the prime factors of v?
3
Suppose -80 = -5*m - 2*y, 3*m - 23 = 2*m + y. Suppose x + 2*s + m = 0, 3*s + 112 = -4*x + 5*s. Let z = -15 - x. List the prime factors 